*r. What is n(5)?
1
Let z(d) = -40*d**2 + 0*d**3 - d**3 + d + 1 + 35*d**2. Let f be -1 - -1 - 1 - -1. Let p be 1 + 2*-3 + f. Calculate z(p).
-4
Let p(g) be the second derivative of -g**5/20 + g**4/3 + 7*g**3/6 + g. Let f(h) = h**3 - 4*h**2 - 7*h + 1. Let i(t) = 5*f(t) + 4*p(t). What is i(5)?
-5
Let x be 3*6/(-9) - -11. Suppose 5*w + 5*o + 5 = -10, 5*o + x = -4*w. Let l(n) = 2 + 4*n + 2 - 3*n. Determine l(w).
-2
Let m(d) = d + 7. Suppose 5*p - 12 = -4*h, 2*h = 5*p + h + 3. Give m(p).
7
Let i(r) = -2*r**2 - 3*r - 1. Let a(n) = n**3 + 7*n**2 + 4*n - 7. Let w be a(-6). Suppose 0*h = -w*h - 10. Give i(h).
-3
Let i(c) = 9*c + 6. Let u(o) = 26*o + 25. Let g(t) = -13*t - 12. Let k(h) = -7*g(h) - 3*u(h). Let d(l) = 7*i(l) - 5*k(l). What is d(3)?
-9
Let x(o) = -o**3 + 8*o**2 - 7*o + 2. Let t(g) = -g**3 + 8*g**2 - 7*g + 3. Let n(z) = -5*t(z) + 4*x(z). What is n(7)?
-7
Let r(n) = -n**3 + 7*n**2 - n + 3. Let s = -37 - -44. Determine r(s).
-4
Let z(s) = -2*s**3 - s**2 + 2*s - 1. Let c(h) = h + 3. Let r be c(-5). Give z(r).
7
Suppose 5*k + 5*a - 35 = 0, 0 = 4*k - k + 2*a - 16. Suppose -2 = k*v + 12. Let l(f) = -f**2 - 6*f + 2. What is l(v)?
-5
Let n(c) = c**2 - 6*c + 7. Let s(j) = j**2 - 6*j + 8. Let h(z) = -4*n(z) + 3*s(z). Give h(4).
4
Suppose w - 2 = 1. Let q(p) = p**3 - 7*p**2 - 9*p + 12. Let t be q(8). Suppose -w*y + y = t. Let k(x) = 2*x**2 - 3*x - 2. Calculate k(y).
12
Let d(j) = -j + 2*j + j**2 + 0*j + 11. What is d(0)?
11
Let b(o) = o. Suppose 3*p + p - 8 = 0. Suppose 2*r + 9 = -y, -y - 17 = r + p*y. What is b(r)?
-2
Let i(t) be the second derivative of -t**2 + 1/20*t**5 - 1/12*t**4 - 2*t + 0 + 0*t**3. Determine i(2).
2
Let p(r) = r**2 - 11*r - 11. Let h(b) = -b**3 + 12*b**2 + 3*b - 25. Let l be h(12). Give p(l).
-11
Suppose -9 = 3*d - 6*d. Suppose -3 = -d*p + 2*p. Suppose -4*k = -3*k + p*x + 16, 5*x + 25 = 0. Let y(i) = -4*i**3 - i**2 + 1. Calculate y(k).
4
Let b(m) = m**3 + 7*m**2 - m - 2. Let o(d) = 2*d**3 + 8*d**2 - 2. Let z(k) = -3*b(k) + 2*o(k). What is z(4)?
-2
Let h be 12/(-2) - (0 + -1). Let v(o) = 4*o - 3 + 7*o + 0*o - 12*o. Calculate v(h).
2
Let z(t) = 15*t**2 + t - 19. Let k(o) be the second derivative of -7*o**4/12 + 9*o**2/2 + 3*o. Let a(i) = 13*k(i) + 6*z(i). Give a(7).
-4
Let j(r) be the third derivative of -r**6/60 - r**5/15 - r**3/6 + 15*r**2. Give j(-3).
17
Let m(s) = 41*s**2 - 119*s**2 + 3 + 39*s**2 + 4*s + 40*s**2. Let a = -2 - 0. Calculate m(a).
-1
Suppose 0 = 4*t + 1 + 15. Let i(a) = 3 - a - 4 - a. What is i(t)?
7
Let b(p) = -p**3 - 4*p**2 - 4*p. Let h(o) be the first derivative of -o**3/3 + 3*o**2/2 + 7*o - 5. Let q be h(5). What is b(q)?
3
Let g(n) = 3*n**2 - 7*n - 12. Suppose 0 = -4*v - 5*r - 59, -2*v - r = 2*v + 47. Let t(k) = k**2 - 2*k - 4. Let b(w) = v*t(w) + 4*g(w). Determine b(6).
-4
Let w(o) = 2*o - 10. Let d be w(7). Let i(y) = 2*y - 5. Let v(p) = -10*p + 26. Let t(j) = -11*i(j) - 2*v(j). What is t(d)?
-5
Let x(t) = -t + 2. Let n(z) = -z**2 - 8*z - 5. Let g be n(-7). Let y = 2 - g. Calculate x(y).
2
Let l(m) be the third derivative of m**5/20 + m**4/24 - m**3/6 + 3*m**2. Let s be 2/8 + 9/12. Determine l(s).
3
Let m(h) = h - 8. Let d be m(8). Let t(y) be the second derivative of -y + 1/6*y**3 - y**2 + d. Determine t(-3).
-5
Let m = 11 - 5. Suppose -m = -5*p - 1. Let s(g) = -3*g**3 + g**2 - 2*g + 1. What is s(p)?
-3
Let b(r) = -14*r**3 - 18*r**2 - 45*r + 2. Let x(q) = 5*q**3 + 6*q**2 + 16*q - 1. Let w(a) = 4*b(a) + 11*x(a). Let z = 11 + -16. Give w(z).
-8
Let n(t) = 2*t**3 - 7*t**2 + 4*t - 8. Let q(j) = 3*j**3 - 8*j**2 + 5*j - 9. Let h(o) = -4*n(o) + 3*q(o). What is h(-4)?
9
Let l(m) = m**2 + 2*m - 3. Suppose -4*w - 1 = -9. Calculate l(w).
5
Let n(o) = -2 - 2*o**2 + 5*o + o**2 + 4*o**2 - o**3. Suppose 4*a + 3*p - 22 = 0, 0 - 12 = -a - 4*p. Determine n(a).
2
Let v(d) = -8*d**2 - 6*d - d**3 + 14*d**2 + 1 + 5. Let n(t) = t**2 + t - 1. Let g be n(2). Give v(g).
1
Let i(b) = -b**2 + 6*b + 1. Suppose 3*j = 3*r - 8*r + 30, -4*r + 24 = -4*j. Calculate i(r).
1
Let n(b) be the second derivative of b**3/6 - b**2 + 24*b. What is n(0)?
-2
Let k be 64/28 + (-4)/14. Let z be ((-8)/10)/(k/5). Let j(a) = -3*a**2 - 2*a. Calculate j(z).
-8
Let t(r) = 2*r**2 - r + 1. Let i be -1*(-5 - (-4)/1). What is t(i)?
2
Let y be (-24)/56 + 38/7. Suppose 5*j = -y, -7*n + 3*n + 10 = 2*j. Let k(q) = q**2 - 3*q. Determine k(n).
0
Let m(p) = -3*p**2 + 17*p - 9. Let c(v) = -4*v**2 + 25*v - 14. Let a(b) = -5*c(b) + 7*m(b). Let w be a(-6). Let n = w - 4. Let i(d) = d**2 - 2*d + 2. Give i(n).
5
Let d(n) = 6*n**3 - n**2 - n - 2. Let v(j) = j**3 - j**2 + j + 1. Let r(u) = d(u) - 5*v(u). Determine r(-5).
-2
Let j(p) = 9*p - 1. Suppose -2*y = -q + 9, -11 = -5*q + 2*y + 2. Determine j(q).
8
Let i(x) be the second derivative of -x**5/20 - x**4/2 - 5*x**3/6 + 2*x**2 + 3*x + 3. Let a = -8 - -3. What is i(a)?
4
Let l(x) be the second derivative of -x**5/20 - x**4/4 + x**3/6 + 3*x**2/2 + 8*x. Calculate l(-3).
0
Let a(g) = g. Let b(v) = -9*v - 1. Let l = -3 - -4. Let w(m) = l*b(m) + 6*a(m). Let r(f) = f. Let y(p) = -11*r(p) - 4*w(p). Determine y(-5).
-1
Let k(f) be the first derivative of -f**3/3 - 7*f - 4. Give k(0).
-7
Let d(b) = -5 - 3 - b + 22 - b**2 - 10. Let m(h) = -h + 6. Let q be m(6). Calculate d(q).
4
Let w(q) = 7 - 4*q - q**2 - 2 + 2*q**2. Suppose -5*p = -4*t - 8, 4*p + 4*t - t - 25 = 0. Suppose p + 4 = 2*o. Determine w(o).
5
Let d(o) be the third derivative of -o**5/60 - o**4/24 - o**2. Let r(t) = 2*t + 7. Let q be r(-5). Determine d(q).
-6
Let k(m) be the first derivative of -m**4/4 + 8*m**3/3 - 7*m**2/2 + 4*m + 29. Calculate k(7).
4
Let o = -244 + 242. Let t(u) = 8*u - 2. Let q(f) = -9*f + 2. Let s(n) = 2*q(n) + 3*t(n). What is s(o)?
-14
Let r(p) = -p**2 + 4*p + 5. Let h(s) = -s - 11. Let b be h(-16). Calculate r(b).
0
Let x(c) = c. Let q(i) = 5*i + 2. Let g(h) = 3*h + 1. Let n(a) = 7*g(a) - 4*q(a). Let y = 4 + -8. Let f be n(y). Give x(f).
-5
Let i(s) = s**3 + 4*s**2 + 5*s + 4. Let p be i(-3). Let g = 7 + p. Let u(r) = r + 6. Let o(c) = 3*c + 13. Let h(j) = g*u(j) - 2*o(j). What is h(5)?
-1
Let i(w) = w**2 + 5*w + 4. Let z be i(-5). Let n(o) = 4 - z - o**2 + 3*o. Calculate n(4).
-4
Let y(f) = -f**3 - 3*f**2 + 4*f + 6. Let q be y(-4). Let l(x) = 4 + x - q + 3. Suppose -1 = 3*g - r, r + r + 14 = -2*g. What is l(g)?
-1
Let n(h) = -3*h**3 + 9*h**2 + 5*h - 5. Let p(o) = -2*o**3 + 4*o**2 + 2*o - 3. Let v(m) = -3*n(m) + 5*p(m). Give v(-6).
-6
Let z = 10 - 14. Let b(q) be the third derivative of 0 + 0*q + 1/6*q**3 + 4*q**2 + 1/24*q**4. Give b(z).
-3
Let n(b) be the first derivative of 4*b**3/3 + b**2 + b - 2. Calculate n(-1).
3
Let o(d) = -3*d + 1. Let l be ((-2)/4)/((-8)/16). Suppose 0 = 3*x - 6*x + 6. Let z be 1/(1/x)*l. Calculate o(z).
-5
Let a(g) = -g**2 + 9*g + 6. Let r(w) = w - 1. Let v(s) = -a(s) + 4*r(s). Give v(7).
4
Let l be (-2 + 1)/(2/6). Let r(z) = 11*z**2 - 4 - 2*z**2 - 4*z**2 - 6*z**2 - 4*z. What is r(l)?
-1
Let j(m) = -m**2 + 19*m - 86. Let c be j(12). Let k(y) be the second derivative of -y**4/12 - y**3/3 + y**2 - y. Determine k(c).
2
Let m(i) = -i**2 + 3*i - 4. Let q be 360/84 - 4/14. Give m(q).
-8
Let o(w) = w**2 - 7*w + 1. Let t be (0/4 - -6)/(-1). Let z = 1 - t. Give o(z).
1
Let b(g) = g**2 - 3*g + 1. Let k be 2 - (-20)/(-6) - (-64)/12. Determine b(k).
5
Let y(t) = -t**3 + 9*t**2 - 2. Let j be y(9). Let r(p) = -2*p**2 - 3*p - 3. Calculate r(j).
-5
Let j be 0 - 8/2*-1. Let u = -2 + j. Let z(d) = d + 1. Let k(p) = 2. Let i(q) = 4*k(q) - 5*z(q). What is i(u)?
-7
Let k(h) be the third derivative of h**5/60 + h**4/8 - 7*h**3/6 + 21*h**2. Let q(a) = -a + 6. Let m be q(7). Let t be (-3 - m - 0) + -3. What is k(t)?
3
Suppose 4*n - n = 0. Let l(z) = z**3 + z**2 + z - 3. What is l(n)?
-3
Suppose 2*f - 5 - 3 = 0. Let s(t) be the third derivative of -t**6/120 + t**5/20 + t**4/24 + 2*t**3/3 + t**2. What is s(f)?
-8
Let s = -8 + 21/2. Let h(l) be the first derivative of -1/4*l**4 - 4/3*l**3 + s*l**2 + 3 + 5*l. Calculate h(-5).
5
Let i be 3 - ((-8)/(-4))/2. Suppose 0*b = 2*b - 6. Let p(k) = -b + 3 + k - k**2. What is p(i)?
-2
Suppose 3*b = 4*b - 5. Suppose -4*t - 4 = -4*z, -4 = 2*z - 0*t + 4*t. Let k(s) = z*s - s - 3 + 10 + 5. What is k(b)?
7
Let g be ((-8)/(-10))/(4/10). Let l(i) = i - i**2 + 2*i - 2*i**g - i**3. Suppose -10*t + 9*t - 10 = 2*m, 1 = 